igit of d?
9
Let q(c) = -2*c**2 + 4*c + 2. Let g be q(2). What is the units digit of -4*1/g + 1*107?
5
Suppose -18*k + 51588 = -3366. What is the tens digit of k?
5
Let c be (-1)/(1/2) + 6. Suppose -12 = -2*f - 3*w, c*f - 7 - 29 = -3*w. What is the tens digit of 126/f - (-1)/2?
1
Let r(k) = -9*k**2 + 6*k + 6. Let m(f) = 4*f**2 - 3*f - 3. Let u(j) = -13*m(j) - 6*r(j). What is the units digit of u(-2)?
5
Let f = -453 - -479. What is the tens digit of f?
2
Let a be (9/2 - -1)*-2. Let x = 14 + a. Suppose -x*y = -17 + 2. What is the units digit of y?
5
Let j = -782 + 1266. Suppose -2*y + j = 2*d, -4*y + 3*d + 324 = -623. What is the tens digit of y?
3
Suppose -9*m + 626 + 643 = 0. Let u = -78 + m. What is the tens digit of u?
6
Let a = 4 + -2. Suppose -25 = 8*u - 89. Suppose -a*m - u = -6*m. What is the units digit of m?
2
Suppose 0 = 6*c - 4*c - 4. Suppose 0 = -h - 2*x - 3*x + 89, -c*h - 5*x = -163. What is the tens digit of h?
7
Suppose 13 = 3*z + 1. Suppose 3*k + 8 = -r + 6*k, -z*k = 5*r - 36. Suppose -r*i + 1 = -27. What is the units digit of i?
7
Suppose -9*o - 14 = -16*o. What is the units digit of (1/o)/(5/260)?
6
Let s(m) be the second derivative of -m**5/30 - 5*m**4/24 + m**3 - 4*m. Let y(g) be the second derivative of s(g). What is the units digit of y(-3)?
7
Let j be (-12)/(-54) - 210/(-27). Let y be (-9)/((-252)/j)*14. Suppose -88 = 2*a - y*a. What is the tens digit of a?
4
Let v be 8 - 18 - (0 + 1). Suppose 0 = -4*d + 29 + 99. Let t = d + v. What is the tens digit of t?
2
Let p(s) = -4*s**3 - 17*s**2 - 86*s - 4. What is the units digit of p(-8)?
4
Suppose -20*r + 40907 = -46753. What is the hundreds digit of r?
3
What is the tens digit of (0 - (-1 + 55))*(-1392)/96?
8
Suppose 0 = -2*j + 4*j - 4. Let w be (j/6)/(2/996). Suppose w = 6*t - 56. What is the tens digit of t?
3
Suppose -2*k = -63 + 7. Suppose -48 = -2*q + k. What is the units digit of q?
8
Let k be -6 + 6 + (-13 - -2). Let g(l) = -l**3 - 9*l**2 + 16*l - 1. What is the tens digit of g(k)?
6
Let w(y) = y**2 + 2*y. Suppose 6*x - 4 = 8*x. Let v be w(x). Suppose 7 = -h + 2, v = r + 2*h - 10. What is the units digit of r?
0
Suppose 16*f - 3485 = 13*f - 5*x, -4*x = -3*f + 3503. What is the units digit of f?
5
Suppose -9*m + 94 + 59 = 0. Let c(o) = 4 + m*o - 7*o - 12*o. What is the units digit of c(-2)?
8
Let k(h) = -10*h**3 - h**2 + 3*h + 10. What is the hundreds digit of k(-3)?
2
Let t(s) = 4*s**2. Suppose 4*u - 9*u + 5 = 0. Let y be t(u). Suppose 0 = -y*h - 3*f + 31, -2*h = -0*h - 4*f - 32. What is the tens digit of h?
1
Let x(a) = a + 6. Suppose 7*z = 8*z - 4. Suppose -2*j = -z*j. What is the units digit of x(j)?
6
What is the hundreds digit of (-4 - 5) + 11 - (-318 + 0)?
3
Let p(t) = t**3 + 25*t**2 + 26*t + 157. What is the thousands digit of p(-22)?
1
Let t = -8 + 11. Suppose -8*o = -t*o. Suppose 2*x - 4*p - 40 = o, p = 4*x - p - 68. What is the tens digit of x?
1
Let y = 102 - 122. What is the tens digit of (-7)/((-56)/y)*-6?
1
Let t(b) = -b**3 + 7*b**2 - 8*b + 1. Let x be 24/(-9)*(-9)/6. What is the tens digit of t(x)?
1
Let h be 114/(-15) - 10/25. What is the tens digit of 115/2 - 4/h?
5
Suppose -12*j + 6799 + 401 = 0. Let w = j - 296. What is the units digit of w?
4
Let x be (-1)/(9/10 - 4/10). What is the units digit of -2*1*x - (-5 + -3)?
2
Suppose -5*a + 4 = -2*z, 4*a + 8 = -3*z + 25. Let x be a/(-6) - (-260)/(-12). Let i = 39 + x. What is the units digit of i?
7
Let q = 115 - 206. What is the tens digit of (-4 - -3)*(q + -1)?
9
Suppose -4*b + 199 + 2361 = 0. Suppose -2*j - 2*c - b = -4*j, -5*j + 3*c = -1610. What is the tens digit of j?
2
Let y(x) = x**3 + 7*x**2 + 2*x. Let w be y(-7). Let t be 44/77 - 580/w. Let o = t - 25. What is the tens digit of o?
1
Suppose -n = 4*g + 8, 3*n + g + 2 = -0*g. Suppose n = -3*a + 8*a. Suppose u - 19 + a = 0. What is the tens digit of u?
1
Suppose -6*y + 2*y = 0. Suppose y = -5*i + 135 + 95. What is the units digit of i?
6
Let w be 1*(-1 + -1 + -1). Let f(x) = -28*x + 12. What is the units digit of f(w)?
6
Suppose 2*t - 9 + 5 = 0. Let i be -11*1 + 2/t. What is the units digit of i*-22*3/12?
5
Let t(v) = 3*v**2 - 5*v + 6. Let a(x) = -3*x**2 + 5*x - 6. Let l(q) = -4*a(q) - 3*t(q). What is the units digit of l(4)?
4
Suppose 240 + 255 = 5*n. Suppose 2*u = -u + n. What is the tens digit of u?
3
Let v be ((-4)/(-3) + (1 - 4))*-3. Suppose 3*r + 186 = 2*d, d = v*d + 2*r - 404. What is the units digit of d?
9
Let i = 4693 - -118. What is the thousands digit of i?
4
Suppose 5*p = 4*t + 1021, -3*t - 3*p - 1013 = t. Let k = -74 - t. What is the units digit of k?
0
Suppose 53*n - 61*n = -192. Let k be -2 + 4 + -3 + -1. Let f = k + n. What is the tens digit of f?
2
Suppose -4*k - 23 = -5*b, -k + 10*b - 17 = 5*b. Let a be (-1)/(k*(-3)/(-18)). Let n(m) = 2*m**2 + 4*m - 7. What is the tens digit of n(a)?
2
Let m = 63 - 17. What is the tens digit of m?
4
Let a = 241 + -165. Suppose -2*q = 2, 5*k + 134 = -9*q + 5*q. Let c = k + a. What is the tens digit of c?
5
Let u(t) = -18*t - 8. Let o(m) = 19*m + 7. Let q(i) = -3*o(i) - 4*u(i). What is the units digit of q(3)?
6
Let u be (-4)/(-18) - 100/(-36) - 13. Let k(a) = -a**3 - 8*a**2 + 5*a - 20. What is the units digit of k(u)?
0
What is the thousands digit of (2/(-4) - 10)*(-1636)/3?
5
What is the tens digit of ((-3)/(-7))/(41/3731)?
3
Suppose 5*c - 2*x - 53 = 993, -3*x = c - 216. Suppose -10*f + c = -4*f. Suppose 2*b + 3*b - 4*o = 166, -o = b - f. What is the tens digit of b?
3
Let n(p) = 2*p**3 + 2*p**2 - 10*p - 4. Let g be -4*1/6*-6. What is the tens digit of n(g)?
1
Let l = 45 - 37. Suppose 3*v - 2*f - 2*f - 56 = 0, v = -4*f - l. What is the tens digit of v?
1
Suppose -11*p + 16*p = -2*x + 11337, 2*p + 22662 = 4*x. What is the hundreds digit of x?
6
Let s = -4 - -7. Let i be -3 + (0 - (-9 - 4)). Suppose i = s*h - 5. What is the units digit of h?
5
Let j(n) = -n - 17. Let l(o) = -3*o + 15. Let b be l(9). Let i be j(b). Let s(x) = -x**3 - 4*x**2 - x + 5. What is the tens digit of s(i)?
3
Suppose -9643 = -5*g - 1023. What is the hundreds digit of g?
7
Let y = -36 + 43. Let t be (y/(-14))/(1/10). Let x = 49 - t. What is the tens digit of x?
5
Suppose 0 = 3*g - 4*f - 23, -3*g - 3*f + 21 = -g. Let o(m) = 18*m + g*m - 13*m. What is the tens digit of o(2)?
2
Suppose 0 = 2*s + 2*s - 2*v - 66, 0 = 2*s + 2*v - 36. Suppose s*p = 18*p - 264. What is the hundreds digit of p?
2
Let i = -219 - -283. What is the units digit of i?
4
Suppose 4*u - 3301 = -w, -3*u - 13166 = -4*w - 0*u. What is the tens digit of w?
9
Let f = -29 - -32. What is the units digit of 154/f + (-7)/21?
1
Let y(a) = 3 + 3*a + 3*a - 5*a. Let g be y(6). Suppose 3*s + g + 53 = 2*n, 4*s = n - 41. What is the tens digit of n?
2
Let p(g) = -6 - g**2 + 5*g**2 - 3*g**2 - 3*g. Suppose -12 = u + 3*u. What is the tens digit of p(u)?
1
Let w(g) = 102*g**3 - 3*g**2 + 7. What is the tens digit of w(2)?
1
Let k(b) = 6*b**2 + 2*b + 1. Let x be k(-1). Suppose o = -x, 4*o - o - 3 = 2*d. What is the units digit of (-83)/d + 4/(-18)?
9
Let w = -224 - -313. Suppose 0 = 2*n - 2*d - 202, 5*n - 4*n = -3*d + w. What is the units digit of n?
8
Let v = 5 - -6. Suppose -c = 3*x - v, 4 = c + x - 17. What is the units digit of c?
6
Suppose 0 = -3*j + 8 - 2. Suppose 3*d = 12*w - 10*w - 23, -5*w + 2*d + 30 = 0. Suppose j*f - w*f = -94. What is the units digit of f?
7
What is the hundreds digit of (-964)/5*(-8)/((-128)/(-40))?
4
Let h be 0 + -5*(4 - 3). What is the units digit of (-1)/(-2) + ((-1065)/6)/h?
6
Let o = 28 - 9. What is the units digit of ((-2)/4)/(o/(-2204))?
8
Let y(f) = -2*f**2 - 10. Let v be y(-7). Let u = v - -178. What is the units digit of u?
0
Let k(t) = t**2 + 2*t - 3. Let j be k(-3). Suppose j = 4*y + 16, -4*y - 70 - 96 = 5*n. Let d = n + 55. What is the units digit of d?
5
Suppose 15 = -2*y + 7*y. Let s be y/(-9)*(-36)/4. What is the units digit of 3 + (-1)/(s - 4)?
4
Suppose -5*p = 3*g + 24 - 4, p + 4 = -4*g. Suppose g = -18*u + 17*u + 92. What is the units digit of u?
2
Suppose 1529 = 3*q - l - 4*l, 5*q - 2535 = 5*l. What is the hundreds digit of q?
5
Suppose -2*k + 3*j - 180 = 0, -4*j - 156 - 131 = 3*k. Let i = k - -190. What is the tens digit of i?
9
Let w(x) = -3*x**2 + 13*x + 4. Let o be w(10). Let a = o + 293. Suppose -4*g + 73 + a = 0. What is th